e 4, what is 1 - 23?
-22
In base 2, what is 1100101111 - 100?
1100101011
In base 7, what is -20 + 15?
-2
In base 3, what is 12 + 1?
20
In base 9, what is 4 + 86?
101
In base 4, what is -3122022 - 2?
-3122030
In base 16, what is -2 - 41?
-43
In base 3, what is 0 + 201?
201
In base 12, what is 5 + 881?
886
In base 15, what is -1 + 32a?
329
In base 16, what is -135 - 53?
-188
In base 9, what is 1 - 18?
-17
In base 12, what is -1 - 546?
-547
In base 11, what is -2a8 - -4?
-2a4
In base 15, what is e - -1d?
2c
In base 9, what is 48 - -36?
85
In base 4, what is 1130 - 230?
300
In base 12, what is 31 + 10?
41
In base 9, what is 6 + -5262?
-5255
In base 9, what is 3360 + -2?
3357
In base 14, what is 5 - 1b22?
-1b1b
In base 7, what is 3 + 352?
355
In base 10, what is 29 + -32?
-3
In base 8, what is 11 + -426?
-415
In base 8, what is 1 + 601?
602
In base 16, what is -71 + 10?
-61
In base 9, what is 10858 - -4?
10863
In base 10, what is 235 + 1?
236
In base 15, what is 9a + d?
a8
In base 4, what is 201 - 122?
13
In base 2, what is -100000 - -11001?
-111
In base 3, what is -1 + 10110?
10102
In base 13, what is 80 - 2?
7b
In base 10, what is 7269 - 4?
7265
In base 12, what is 3a2 - -5?
3a7
In base 9, what is 1806 - -3?
1810
In base 6, what is -1111 - -3?
-1104
In base 14, what is -c - 6a?
-78
In base 3, what is 11002 - -11?
11020
In base 10, what is 5 - 160?
-155
In base 8, what is -3 + -363?
-366
In base 4, what is -1230201 - 10?
-1230211
In base 12, what is 4 - -73?
77
In base 14, what is -13 + -16?
-29
In base 15, what is -d + -88?
-96
In base 16, what is -c - -312?
306
In base 5, what is -3000 - 121?
-3121
In base 3, what is 1020 + -2211?
-1121
In base 9, what is 4 + -11?
-6
In base 4, what is -20320 - 1?
-20321
In base 15, what is 2 - -142?
144
In base 14, what is 37 + 14b?
184
In base 10, what is 79 - 5?
74
In base 13, what is -18b + 18?
-173
In base 5, what is -1021 - 1?
-1022
In base 15, what is -5 + -20?
-25
In base 2, what is -100101 - 100110?
-1001011
In base 3, what is 22 - -1110000?
1110022
In base 7, what is -51 - 104?
-155
In base 2, what is 11000000001 - -101?
11000000110
In base 3, what is 1021 - -12?
1110
In base 9, what is -1240 - -4?
-1235
In base 8, what is -11 - 555?
-566
In base 9, what is 605 + 1?
606
In base 3, what is 2 + 100001011?
100001020
In base 11, what is 20 + 403?
423
In base 3, what is -12 - 101112?
-101201
In base 3, what is 20 + 2010?
2100
In base 4, what is 333002 - -2?
333010
In base 12, what is 18b - 1?
18a
In base 12, what is -115 - 40?
-155
In base 11, what is -2 - 286?
-288
In base 3, what is -1001112 + 10?
-1001102
In base 4, what is -10 - 3120?
-3130
In base 10, what is -4 + 8230?
8226
In base 6, what is 5 - 150?
-141
In base 4, what is 331130 - 3?
331121
In base 4, what is 11 - -1232?
1303
In base 15, what is 252 - 0?
252
In base 5, what is 2 - -23?
30
In base 14, what is 3d3 + 3?
3d6
In base 6, what is 1230 + -2?
1224
In base 3, what is 10102 - -1022?
11201
In base 16, what is 8e - -4?
92
In base 3, what is -12 + 12100?
12011
In base 11, what is -122 - 5?
-127
In base 7, what is 5 + -142?
-134
In base 2, what is -110 - -10010010101?
10010001111
In base 6, what is -52 - 5?
-101
In base 14, what is 56 - -3?
59
In base 11, what is 4a - 6?
44
In base 13, what is -30 - -2?
-2b
In base 9, what is -18 - -6?
-12
In base 13, what is -115 + -5?
-11a
In base 6, what is 12 - 31?
-15
In base 13, what is -148 - 4?
-14c
In base 15, what is -5 - 1a?
-20
In base 2, what is 111110011 - -100?
111110111
In base 16, what is 0 + -816?
-816
In base 16, what is 3 - 59?
-56
In base 12, what is 10a + -7?
103
In base 3, what is 1021212120 + -1?
1021212112
In base 15, what is -8199 + 0?
-8199
In base 15, what is -b - a?
-16
In base 6, what is 1 - -51?
52
In base 11, what is -4 + 110?
107
In base 14, what is 5 + -7d?
-78
In base 11, what is 7 + 181?
188
In base 4, what is 1 - -3102?
3103
In base 2, what is 11001 + -11110?
-101
In base 12, what is -3 + -127?
-12a
In base 5, what is 233112 + 3?
233120
In base 7, what is -32 - -1?
-31
In base 13, what is -5 - -112?
10a
In base 6, what is 4 + 22?
30
In base 14, what is -1 + -13d8?
-13d9
In base 5, what is 314 + 3?
322
In base 10, what is 8 + -161?
-153
In base 15, what is b7 + 66?
12d
In base 6, what is -311 + -2?
-313
In base 14, what is -2 + 4?
2
In base 10, what is 4 + -46?
-42
In base 16, what is -2 - 1f2?
-1f4
In base 16, what is 36 + 16?
4c
In base 2, what is 11 + 0?
11
In base 7, what is 142 + 0?
142
In base 15, what is 421 + -2?
41e
In base 6, what is 41 + 45?
130
In base 14, what is 93 - -5?
98
In base 4, what is 102022 + -3?
102013
In base 2, what is 100 - -11000010000?
11000010100
In base 7, what is -3 - -632?
626
In base 16, what is 4f + -1b?
34
In base 9, what is -182 - -4?
-177
In base 15, what is -22a - -1?
-229
In base 6, what is 15 + 30?
45
In base 15, what is -57 + -5?
-5c
In base 6, what is 40 - -43?
123
In base 16, what is 408 + -3?
405
In base 9, what is -3167 - -1?
-3166
In base 2, what is 1 + 11101100110?
11101100111
In base 2, what is -11111011 + 100?
-11110111
In base 6, what is 3433 - 32?
3401
In base 5, what is 2 + -4011?
-4004
In base 3, what is 12 - -1020211?
1021000
In base 13, what is -13 + -10?
-23
In base 11, what is 288 + -2?
286
In base 13, what is 5 - -483?
488
In base 7, what is -20 - -1362?
1342
In base 16, what is 3 + 47b?
47e
In base 12, what is 2 + -163?
-161
In base 10, what is 986 + 4?
990
In base 5, what is 10442 - 1?
10441
In base 13, what is 3 + -9?
-6
In base 13, what is 5 + -165?
-160
In base 4, what is -103331 + 2?
-103323
In base 11, what is 8 + 272?
27a
In base 3, what is 0 - 101100?
-101100
In base 14, what is 13 - 68?
-55
In base 6, what is 15 + -31?
-12
In base 11, what is -17 - -399?
382
In base 3, what is -112210 - -1112?
-111021
In base 9, what is -3847 + 4?
-3843
In base 3, what is 202121 - 10?
202111
In base 3, what is 222 - 2010?
-1011
In base 4, what is -20122 - -223?
-13233
In base 6, what is -12 + 5?
-3
In base 14, what is 6bb + -5?
6b6
In base 10, what is 2693 - 3?
2690
In base 4, what is -10 + -120131?
-120201
In base 2, what is -1110011 - -1?
-1110010
In base 5, what is 2141 - -102?
2243
In base 12, what is -3 + -314?
-317
In base 4, what is -121 - -30?
-31
In base 5, what is 3 + 323?
331
In base 8, what is 0 - -75?
75
In base 14, what is 3 - -8b?
90
In base 2, what is -11101101 - -11?
-11101010
In base 15, what is 47d + -8?
475
In base 14, what is -1 + -59?
-5a
In base 6, what is 2 - -31054?
31100
In base 16, what is -7f - -4?
-7b
In base 12, what is 1 - -65?
66
In base 3, what is -12 - -121022?
121010
In base 5, what is -124 + 134?
10
In base 16, what is -a8d + 3?
-a8a
In base 16, what is -64 - 4?
-68
In base 16, what is -2 - 141?
-143
In base 16, what is -a + -467?
-471
In base 7, what is 564 - -4?
601
In base 7, what is 14 - 4?
10
In base 14, what is -4b - 42?
-8d
In base 12, what is -487 + -3?
-48a
In base 9, what is -3 + -8230?
-8233
In base 7, what is -30525 + 3?
-30522
In base 15, what is -4 - 1b2?
-1b6
In base 16, what is 334 + 4?
338
In base 16, what is 3 - -d5?
d8
In base 3, what is 2002211 - 2?
2002202
In base 3, what is 22221110 + -11?
22221022
In base 15, what is 4 + 86a?
86e
In base 7, what is -203 + 33?
-140
In base 3, what is -122 + -11?
-210
In base 11, what is 10 - 163?
-153
In base 16, what is -77 + -e?
-85
In base 13, what is 3 - 70?
-6a
In base 4, what is 33122 - -10?
33132
In base 8, what is 1723 - 5?
1716
In base 13, what is -8c0c - 4?
-8c13
In base 2, what is -101 - -1101010?
1100101
In base 6, what is 2 + -4312?
-4310
In base 6, what is 13042 - 5?
13033
In base 11, what is -3 + 2764?
2761
In base 6, what is -131 + 11?
-120
In base 2, what is 1111011 - -101?
10000000
In base 9, what is -3 + 463?
460
In base 16, what is 196 - 0?
196
In base 13, what is 5 + 13?
18
In base 16, what is -84 + 1?
-83
In base 8, what is 5 + 3603?
3610
In base 2, what is -10000 - 0?
-10000
In base 15, what is 4 + -a8?
-a4
In base 12, what is 58 + -2b?
29
In base 9, what is 16804 - 5?
16788
In base 4, what is 2210321 + 3?
2210330
In base 5, what is 3 + 3124?
3132
In base 13, what is -14 - -1a?
6
In base 8, what is -6 - 3?
-11
In base 16, what is -cb - -2?
-c9
In base 9, what is 10 - -265?
275
In base 12, what is -a - 4?
-12
